{"id":17,"date":"2020-08-18T15:52:39","date_gmt":"2020-08-18T18:52:39","guid":{"rendered":"https:\/\/dnaconteudo.com\/?page_id=17"},"modified":"2024-06-18T15:16:38","modified_gmt":"2024-06-18T18:16:38","slug":"home","status":"publish","type":"page","link":"https:\/\/www.dnaconteudo.com\/","title":{"rendered":"Home"},"content":{"rendered":"","protected":false},"excerpt":{"rendered":"","protected":false},"author":1,"featured_media":0,"parent":0,"menu_order":0,"comment_status":"closed","ping_status":"closed","template":"template-home.php","meta":{"inline_featured_image":false,"footnotes":""},"class_list":["post-17","page","type-page","status-publish","hentry"],"yoast_head":"<!-- This site is optimized with the Yoast SEO plugin v19.6.1 - https:\/\/yoast.com\/wordpress\/plugins\/seo\/ -->\n<title>DNA Conte\u00fado Digital<\/title>\n<meta name=\"robots\" content=\"index, follow, max-snippet:-1, max-image-preview:large, max-video-preview:-1\" \/>\n<link rel=\"canonical\" href=\"https:\/\/dnaconteudo.com\/\" \/>\n<meta property=\"og:locale\" content=\"pt_BR\" \/>\n<meta property=\"og:type\" content=\"article\" \/>\n<meta property=\"og:title\" content=\"DNA Conte\u00fado Digital\" \/>\n<meta property=\"og:url\" content=\"https:\/\/dnaconteudo.com\/\" \/>\n<meta property=\"og:site_name\" content=\"DNA Conte\u00fado\" \/>\n<meta property=\"article:modified_time\" content=\"2024-06-18T18:16:38+00:00\" \/>\n<meta name=\"twitter:card\" content=\"summary_large_image\" \/>\n<script type=\"application\/ld+json\" class=\"yoast-schema-graph\">{\"@context\":\"https:\/\/schema.org\",\"@graph\":[{\"@type\":\"WebPage\",\"@id\":\"https:\/\/dnaconteudo.com\/\",\"url\":\"https:\/\/dnaconteudo.com\/\",\"name\":\"DNA Conte\u00fado Digital\",\"isPartOf\":{\"@id\":\"https:\/\/dnaconteudo.com\/#website\"},\"datePublished\":\"2020-08-18T18:52:39+00:00\",\"dateModified\":\"2024-06-18T18:16:38+00:00\",\"breadcrumb\":{\"@id\":\"https:\/\/dnaconteudo.com\/#breadcrumb\"},\"inLanguage\":\"pt-BR\",\"potentialAction\":[{\"@type\":\"ReadAction\",\"target\":[\"https:\/\/dnaconteudo.com\/\"]}]},{\"@type\":\"BreadcrumbList\",\"@id\":\"https:\/\/dnaconteudo.com\/#breadcrumb\",\"itemListElement\":[{\"@type\":\"ListItem\",\"position\":1,\"name\":\"In\u00edcio\",\"item\":\"https:\/\/dnaconteudo.com\/\"},{\"@type\":\"ListItem\",\"position\":2,\"name\":\"Home\"}]},{\"@type\":\"WebSite\",\"@id\":\"https:\/\/dnaconteudo.com\/#website\",\"url\":\"https:\/\/dnaconteudo.com\/\",\"name\":\"DNA Conte\u00fado\",\"description\":\"Somos especialistas em Edutainment: unimos conte\u00fado e entretenimento em formatos essencialmente inovadores e pensados para cada estrat\u00e9gia ou necessidade de aprendizagem.\",\"potentialAction\":[{\"@type\":\"SearchAction\",\"target\":{\"@type\":\"EntryPoint\",\"urlTemplate\":\"https:\/\/dnaconteudo.com\/?s={search_term_string}\"},\"query-input\":\"required name=search_term_string\"}],\"inLanguage\":\"pt-BR\"}]}<\/script>\n<!-- \/ Yoast SEO plugin. -->","yoast_head_json":{"title":"DNA Conte\u00fado Digital","robots":{"index":"index","follow":"follow","max-snippet":"max-snippet:-1","max-image-preview":"max-image-preview:large","max-video-preview":"max-video-preview:-1"},"canonical":"https:\/\/dnaconteudo.com\/","og_locale":"pt_BR","og_type":"article","og_title":"DNA Conte\u00fado Digital","og_url":"https:\/\/dnaconteudo.com\/","og_site_name":"DNA Conte\u00fado","article_modified_time":"2024-06-18T18:16:38+00:00","twitter_card":"summary_large_image","schema":{"@context":"https:\/\/schema.org","@graph":[{"@type":"WebPage","@id":"https:\/\/dnaconteudo.com\/","url":"https:\/\/dnaconteudo.com\/","name":"DNA Conte\u00fado Digital","isPartOf":{"@id":"https:\/\/dnaconteudo.com\/#website"},"datePublished":"2020-08-18T18:52:39+00:00","dateModified":"2024-06-18T18:16:38+00:00","breadcrumb":{"@id":"https:\/\/dnaconteudo.com\/#breadcrumb"},"inLanguage":"pt-BR","potentialAction":[{"@type":"ReadAction","target":["https:\/\/dnaconteudo.com\/"]}]},{"@type":"BreadcrumbList","@id":"https:\/\/dnaconteudo.com\/#breadcrumb","itemListElement":[{"@type":"ListItem","position":1,"name":"In\u00edcio","item":"https:\/\/dnaconteudo.com\/"},{"@type":"ListItem","position":2,"name":"Home"}]},{"@type":"WebSite","@id":"https:\/\/dnaconteudo.com\/#website","url":"https:\/\/dnaconteudo.com\/","name":"DNA Conte\u00fado","description":"Somos especialistas em Edutainment: unimos conte\u00fado e entretenimento em formatos essencialmente inovadores e pensados para cada estrat\u00e9gia ou necessidade de aprendizagem.","potentialAction":[{"@type":"SearchAction","target":{"@type":"EntryPoint","urlTemplate":"https:\/\/dnaconteudo.com\/?s={search_term_string}"},"query-input":"required name=search_term_string"}],"inLanguage":"pt-BR"}]}},"_links":{"self":[{"href":"https:\/\/www.dnaconteudo.com\/index.php?rest_route=\/wp\/v2\/pages\/17","targetHints":{"allow":["GET"]}}],"collection":[{"href":"https:\/\/www.dnaconteudo.com\/index.php?rest_route=\/wp\/v2\/pages"}],"about":[{"href":"https:\/\/www.dnaconteudo.com\/index.php?rest_route=\/wp\/v2\/types\/page"}],"author":[{"embeddable":true,"href":"https:\/\/www.dnaconteudo.com\/index.php?rest_route=\/wp\/v2\/users\/1"}],"replies":[{"embeddable":true,"href":"https:\/\/www.dnaconteudo.com\/index.php?rest_route=%2Fwp%2Fv2%2Fcomments&post=17"}],"version-history":[{"count":41,"href":"https:\/\/www.dnaconteudo.com\/index.php?rest_route=\/wp\/v2\/pages\/17\/revisions"}],"predecessor-version":[{"id":649,"href":"https:\/\/www.dnaconteudo.com\/index.php?rest_route=\/wp\/v2\/pages\/17\/revisions\/649"}],"wp:attachment":[{"href":"https:\/\/www.dnaconteudo.com\/index.php?rest_route=%2Fwp%2Fv2%2Fmedia&parent=17"}],"curies":[{"name":"wp","href":"https:\/\/api.w.org\/{rel}","templated":true}]}}